{"id":506,"date":"2024-08-01T08:35:17","date_gmt":"2024-08-01T08:35:17","guid":{"rendered":"https:\/\/hiperbulia.pl\/?page_id=506"},"modified":"2024-08-08T21:31:00","modified_gmt":"2024-08-08T21:31:00","slug":"pokaz-dworcu-co-masz-w-srodku","status":"publish","type":"page","link":"https:\/\/hiperbulia.pl\/index.php\/pokaz-dworcu-co-masz-w-srodku\/","title":{"rendered":"Poka\u017c dworcu co masz w \u015brodku"},"content":{"rendered":"\n<p>Zimna, nieprzyjazna, stworzona wy\u0142\u0105cznie do oczekiwania na wytrwa\u0142y w swoim op\u00f3\u017anieniu poci\u0105g przestrze\u0144 &#8211; to rzeczywisto\u015b\u0107 wi\u0119kszo\u015bci dworc\u00f3w w Polsce, jak nie na \u015bwiecie. Pomimo pe\u0142nienia istotnej roli w podr\u00f3\u017cy ka\u017cdego pasa\u017cera, nierzadko stanowi\u0105 jej najuci\u0105\u017cliwsz\u0105 cz\u0119\u015b\u0107. Mo\u017cna powiedzie\u0107, \u017ce s\u0105 jak wi\u0119zienie, w kt\u00f3rym odsiaduje si\u0119 wyrok ci\u0119\u017c\u0105cy na barkach ka\u017cdego podr\u00f3\u017cuj\u0105cego, oddalaj\u0105cy nieub\u0142agany powr\u00f3t do domu b\u0105d\u017a przyjazd do wakacyjnego raju. Nale\u017cy zatem zada\u0107 pytanie &#8211; czy w\u0142a\u015bnie z tym powinny kojarzy\u0107 si\u0119 okaza\u0142e, budowane w ho\u0142dzie kolei, umo\u017cliwiaj\u0105cej <strong>szybk\u0105<\/strong> i <strong>komfortow\u0105<\/strong> podr\u00f3\u017c, budynki?<br><\/p>\n\n\n\n<p><\/p>\n\n\n\n<details class=\"wp-block-details is-layout-flow wp-block-details-is-layout-flow\"><summary>Warszawa Falenica<\/summary>\n<details class=\"wp-block-details is-layout-flow wp-block-details-is-layout-flow\"><summary>B\u0119dzin Miasto<\/summary>\n<p><\/p>\n<\/details>\n<\/details>\n\n\n\n<details class=\"wp-block-details is-layout-flow wp-block-details-is-layout-flow\"><summary>B\u0119dzin Miasto<\/summary>\n<p><\/p>\n<\/details>\n\n\n\n<details class=\"wp-block-details is-layout-flow wp-block-details-is-layout-flow\"><summary>Skawina<\/summary>\n<p><\/p>\n<\/details>\n\n\n\n<details class=\"wp-block-details is-layout-flow wp-block-details-is-layout-flow\"><summary>Chojnice<\/summary>\n<p><\/p>\n<\/details>\n\n\n\n<details class=\"wp-block-details is-layout-flow wp-block-details-is-layout-flow\"><summary>Starachowice<\/summary>\n<p><\/p>\n<\/details>\n\n\n\n<details class=\"wp-block-details is-layout-flow wp-block-details-is-layout-flow\"><summary>Przemy\u015bl G\u0142\u00f3wny<\/summary>\n<p><\/p>\n<\/details>\n\n\n\n<details class=\"wp-block-details is-layout-flow wp-block-details-is-layout-flow\"><summary>Leszno<\/summary>\n<p><\/p>\n<\/details>\n\n\n\n<details class=\"wp-block-details is-layout-flow wp-block-details-is-layout-flow\"><summary>Koluszki<\/summary>\n<p><\/p>\n<\/details>\n","protected":false},"excerpt":{"rendered":"<p>Zimna, nieprzyjazna, stworzona wy\u0142\u0105cznie do oczekiwania na wytrwa\u0142y w swoim op\u00f3\u017anieniu poci\u0105g przestrze\u0144 &#8211; to rzeczywisto\u015b\u0107 wi\u0119kszo\u015bci dworc\u00f3w w Polsce, jak nie na \u015bwiecie. Pomimo pe\u0142nienia istotnej roli w podr\u00f3\u017cy ka\u017cdego pasa\u017cera, nierzadko stanowi\u0105 jej najuci\u0105\u017cliwsz\u0105 cz\u0119\u015b\u0107. Mo\u017cna powiedzie\u0107, \u017ce s\u0105 jak wi\u0119zienie, w kt\u00f3rym odsiaduje si\u0119 wyrok ci\u0119\u017c\u0105cy na barkach ka\u017cdego podr\u00f3\u017cuj\u0105cego, oddalaj\u0105cy nieub\u0142agany [&hellip;]<\/p>\n","protected":false},"author":2,"featured_media":0,"parent":0,"menu_order":0,"comment_status":"closed","ping_status":"closed","template":"","meta":{"footnotes":""},"class_list":["post-506","page","type-page","status-publish","hentry"],"_links":{"self":[{"href":"https:\/\/hiperbulia.pl\/index.php\/wp-json\/wp\/v2\/pages\/506","targetHints":{"allow":["GET"]}}],"collection":[{"href":"https:\/\/hiperbulia.pl\/index.php\/wp-json\/wp\/v2\/pages"}],"about":[{"href":"https:\/\/hiperbulia.pl\/index.php\/wp-json\/wp\/v2\/types\/page"}],"author":[{"embeddable":true,"href":"https:\/\/hiperbulia.pl\/index.php\/wp-json\/wp\/v2\/users\/2"}],"replies":[{"embeddable":true,"href":"https:\/\/hiperbulia.pl\/index.php\/wp-json\/wp\/v2\/comments?post=506"}],"version-history":[{"count":4,"href":"https:\/\/hiperbulia.pl\/index.php\/wp-json\/wp\/v2\/pages\/506\/revisions"}],"predecessor-version":[{"id":514,"href":"https:\/\/hiperbulia.pl\/index.php\/wp-json\/wp\/v2\/pages\/506\/revisions\/514"}],"wp:attachment":[{"href":"https:\/\/hiperbulia.pl\/index.php\/wp-json\/wp\/v2\/media?parent=506"}],"curies":[{"name":"wp","href":"https:\/\/api.w.org\/{rel}","templated":true}]}}