{"id":31,"date":"2023-06-22T01:16:59","date_gmt":"2023-06-22T01:16:59","guid":{"rendered":"http:\/\/hiperbulia.pl\/?page_id=31"},"modified":"2024-04-13T22:58:57","modified_gmt":"2024-04-13T22:58:57","slug":"o-nas","status":"publish","type":"page","link":"https:\/\/hiperbulia.pl\/index.php\/o-nas\/","title":{"rendered":"O nas"},"content":{"rendered":"\n<p>Kolektyw artystyczny &#8222;hiperbulia&#8221; powsta\u0142 jako platforma maj\u0105ca umo\u017cliwi\u0107 nam kreatywn\u0105 dzia\u0142alno\u015b\u0107 w obr\u0119bach naszych wsp\u00f3lnych, jak i osobistych zainteresowa\u0144. <\/p>\n\n\n\n<p>Zak\u0142adaj\u0105c ten projekt, mamy nadziej\u0119, \u017ce sam w sobie b\u0119dzie motywowa\u0142 nas do dalszej tw\u00f3rczej pracy, b\u0119d\u0105c filarem pozwalaj\u0105cym nie zaczyna\u0107 od zera przy ka\u017cdym nowym pomy\u015ble.<\/p>\n\n\n\n<p>Chcemy dzieli\u0107 si\u0119 przestrzeni\u0105, jak\u0105 stworzyli\u015bmy na potrzeby naszej wewn\u0119trznej ch\u0119ci ekspresji. <strong>Je\u017celi towarzyszy ci ch\u0119\u0107 upublicznienia swoich my\u015bli, lub je\u017celi masz pomys\u0142 na projekt, kt\u00f3ry mogliby\u015bmy pom\u00f3c ci zrealizowa\u0107 &#8211; napisz do nas.<\/strong><\/p>\n\n\n\n<hr class=\"wp-block-separator has-alpha-channel-opacity\"\/>\n\n\n\n<h4 class=\"wp-block-heading\">Kontakt<\/h4>\n\n\n\n<p><a href=\"https:\/\/www.instagram.com\/hiperbulia\/\">Instagram<\/a><\/p>\n\n\n\n<p><a href=\"https:\/\/twitter.com\/hiperbulia\">kolektyw artystyczny &#8222;hiperbulia&#8221; (@hiperbulia) \/ Twitter<\/a><\/p>\n\n\n\n<p>kolektyw@hiperbulia.pl<\/p>\n\n\n\n<h4 class=\"wp-block-heading\">Redaktorzy<\/h4>\n\n\n\n<p>Monni &#8211; monni@hiperbulia.pl<\/p>\n\n\n\n<p>Lahna &#8211; lahna@hiperbulia.pl <\/p>\n\n\n\n<figure class=\"wp-block-image size-large\"><img loading=\"lazy\" decoding=\"async\" width=\"2560\" height=\"1440\" src=\"https:\/\/hiperbulia.pl\/wp-content\/uploads\/2023\/06\/CzytelneZdjecie-edited-scaled.jpg\" alt=\"\" class=\"wp-image-179\" srcset=\"https:\/\/hiperbulia.pl\/wp-content\/uploads\/2023\/06\/CzytelneZdjecie-edited-scaled.jpg 2560w, https:\/\/hiperbulia.pl\/wp-content\/uploads\/2023\/06\/CzytelneZdjecie-edited-300x169.jpg 300w, https:\/\/hiperbulia.pl\/wp-content\/uploads\/2023\/06\/CzytelneZdjecie-edited-1024x576.jpg 1024w, https:\/\/hiperbulia.pl\/wp-content\/uploads\/2023\/06\/CzytelneZdjecie-edited-768x432.jpg 768w, https:\/\/hiperbulia.pl\/wp-content\/uploads\/2023\/06\/CzytelneZdjecie-edited-1536x864.jpg 1536w, https:\/\/hiperbulia.pl\/wp-content\/uploads\/2023\/06\/CzytelneZdjecie-edited-2048x1152.jpg 2048w\" sizes=\"auto, (max-width: 2560px) 100vw, 2560px\" \/><figcaption class=\"wp-element-caption\">Ale jak to \u015bwie\u017ce i mro\u017cone hmmm<\/figcaption><\/figure>\n\n\n\n<p><\/p>\n","protected":false},"excerpt":{"rendered":"<p>Kolektyw artystyczny &#8222;hiperbulia&#8221; powsta\u0142 jako platforma maj\u0105ca umo\u017cliwi\u0107 nam kreatywn\u0105 dzia\u0142alno\u015b\u0107 w obr\u0119bach naszych wsp\u00f3lnych, jak i osobistych zainteresowa\u0144. Zak\u0142adaj\u0105c ten projekt, mamy nadziej\u0119, \u017ce sam w sobie b\u0119dzie motywowa\u0142 nas do dalszej tw\u00f3rczej pracy, b\u0119d\u0105c filarem pozwalaj\u0105cym nie zaczyna\u0107 od zera przy ka\u017cdym nowym pomy\u015ble. Chcemy dzieli\u0107 si\u0119 przestrzeni\u0105, jak\u0105 stworzyli\u015bmy na potrzeby naszej [&hellip;]<\/p>\n","protected":false},"author":1,"featured_media":0,"parent":0,"menu_order":0,"comment_status":"closed","ping_status":"closed","template":"","meta":{"footnotes":""},"class_list":["post-31","page","type-page","status-publish","hentry"],"_links":{"self":[{"href":"https:\/\/hiperbulia.pl\/index.php\/wp-json\/wp\/v2\/pages\/31","targetHints":{"allow":["GET"]}}],"collection":[{"href":"https:\/\/hiperbulia.pl\/index.php\/wp-json\/wp\/v2\/pages"}],"about":[{"href":"https:\/\/hiperbulia.pl\/index.php\/wp-json\/wp\/v2\/types\/page"}],"author":[{"embeddable":true,"href":"https:\/\/hiperbulia.pl\/index.php\/wp-json\/wp\/v2\/users\/1"}],"replies":[{"embeddable":true,"href":"https:\/\/hiperbulia.pl\/index.php\/wp-json\/wp\/v2\/comments?post=31"}],"version-history":[{"count":7,"href":"https:\/\/hiperbulia.pl\/index.php\/wp-json\/wp\/v2\/pages\/31\/revisions"}],"predecessor-version":[{"id":356,"href":"https:\/\/hiperbulia.pl\/index.php\/wp-json\/wp\/v2\/pages\/31\/revisions\/356"}],"wp:attachment":[{"href":"https:\/\/hiperbulia.pl\/index.php\/wp-json\/wp\/v2\/media?parent=31"}],"curies":[{"name":"wp","href":"https:\/\/api.w.org\/{rel}","templated":true}]}}